t is the greatest common divisor of 151228 and 154?
154
Calculate the highest common divisor of 266 and 3206.
14
What is the greatest common divisor of 4 and 1382?
2
What is the greatest common divisor of 664640 and 201?
67
Calculate the greatest common factor of 18415 and 26543.
127
What is the greatest common factor of 42044 and 460?
92
Calculate the greatest common factor of 22 and 76142.
22
Calculate the greatest common divisor of 713 and 170159.
31
Calculate the highest common factor of 18109 and 65.
13
What is the greatest common factor of 116 and 270454?
58
What is the highest common divisor of 10931 and 561?
17
Calculate the highest common factor of 86657 and 21552.
449
What is the highest common divisor of 94471 and 43?
43
Calculate the greatest common divisor of 35179 and 3429.
127
What is the greatest common divisor of 30 and 9678?
6
Calculate the greatest common factor of 90 and 122595.
15
Calculate the highest common divisor of 40770 and 30.
30
What is the greatest common factor of 808 and 27169?
101
Calculate the highest common divisor of 244 and 28.
4
What is the highest common divisor of 152 and 265069?
19
What is the greatest common divisor of 1527 and 48?
3
Calculate the highest common divisor of 3095 and 305.
5
What is the greatest common factor of 15786 and 6?
6
Calculate the greatest common factor of 34 and 455515.
17
Calculate the greatest common divisor of 97792 and 38200.
1528
Calculate the greatest common divisor of 287112 and 21.
21
Calculate the greatest common factor of 6651 and 63.
9
Calculate the greatest common factor of 156 and 7116.
12
Calculate the highest common factor of 60 and 105492.
12
What is the greatest common factor of 687380 and 40?
20
What is the greatest common factor of 555522 and 33?
33
Calculate the greatest common divisor of 1405899 and 1815.
363
Calculate the greatest common divisor of 46 and 772.
2
Calculate the greatest common factor of 21110 and 230.
10
What is the highest common factor of 3336 and 7536?
24
Calculate the greatest common factor of 118258 and 280.
14
What is the highest common divisor of 1025 and 40180?
205
Calculate the highest common divisor of 397098 and 234.
234
What is the greatest common divisor of 156655 and 134045?
1615
Calculate the greatest common factor of 38 and 837729.
19
Calculate the highest common divisor of 27744 and 768.
96
Calculate the highest common divisor of 113 and 1423913.
113
Calculate the highest common divisor of 8587 and 104983.
277
Calculate the highest common divisor of 4809 and 756.
21
Calculate the greatest common divisor of 2 and 442831.
1
Calculate the greatest common factor of 260365 and 1935.
215
Calculate the highest common divisor of 41811 and 154.
77
What is the greatest common divisor of 9 and 366?
3
What is the greatest common factor of 19222 and 252?
14
Calculate the highest common divisor of 1887 and 60452.
17
What is the highest common factor of 21408 and 13584?
48
What is the greatest common factor of 104 and 918424?
104
What is the greatest common factor of 171136 and 3820?
764
Calculate the greatest common factor of 864 and 5400.
216
Calculate the highest common factor of 127084 and 4.
4
Calculate the highest common divisor of 152 and 1856072.
152
Calculate the highest common factor of 22 and 12573.
11
Calculate the highest common divisor of 54 and 477693.
9
What is the highest common divisor of 250485 and 335?
5
What is the greatest common divisor of 1186593 and 116?
29
Calculate the greatest common divisor of 434 and 1280951.
217
Calculate the greatest common divisor of 16545 and 3840.
15
Calculate the greatest common divisor of 394304 and 9292.
404
What is the highest common divisor of 173936 and 2800?
112
What is the highest common divisor of 1337 and 731148?
191
Calculate the greatest common divisor of 4692 and 1768.
68
What is the greatest common factor of 5565 and 2625?
105
Calculate the highest common divisor of 4960 and 50.
10
Calculate the greatest common factor of 229578 and 12.
6
Calculate the greatest common divisor of 163339 and 341.
341
Calculate the greatest common divisor of 22701 and 5957.
161
Calculate the highest common divisor of 14854 and 21.
7
What is the greatest common factor of 803 and 9034553?
803
What is the greatest common factor of 72 and 13590?
18
Calculate the greatest common factor of 1284509 and 1531.
1531
What is the highest common factor of 657882 and 1116?
558
Calculate the greatest common factor of 275477 and 664.
83
Calculate the greatest common divisor of 1742 and 43684.
134
Calculate the highest common divisor of 85503 and 66.
33
What is the greatest common factor of 1285215 and 705?
705
What is the highest common divisor of 4841 and 3193?
103
What is the greatest common factor of 216 and 26898?
6
What is the highest common divisor of 6734 and 1799?
7
What is the highest common divisor of 170302 and 66?
22
What is the greatest common divisor of 971257 and 89?
89
Calculate the highest common divisor of 190576 and 11696.
688
Calculate the highest common factor of 726 and 205854.
66
Calculate the greatest common factor of 720 and 8020.
20
Calculate the highest common divisor of 320 and 75968.
64
Calculate the greatest common divisor of 616 and 1375.
11
What is the highest common divisor of 2091 and 13940?
697
Calculate the highest common factor of 9904 and 208.
16
What is the highest common divisor of 5377130 and 440?
110
Calculate the highest common factor of 105 and 22587.
3
What is the highest common factor of 833 and 48841?
17
What is the highest common divisor of 13334 and 22656?
118
What is the greatest common divisor of 32052 and 132?
12
What is the greatest common factor of 87529 and 3913?
13
What is the highest common factor of 4553 and 1914?
29
Calculate the greatest common factor of 62919 and 117.
9
Calculate the greatest common divisor of 2816 and 37664.
352
What is the greatest common factor of 1853 and 53519?
109
What is the highest common divisor of 11455008 and 1088?
544
What is the greatest common factor of 91 and 87752?
7
Calculate the highest common factor of 407 and 3586.
11
Calculate the highest common divisor of 208 and 9334.
26
What is the highest common factor of 7378 and 14229?
527
What is the greatest common divisor of 242 and 118217?
121
Calculate the greatest common divisor of 840 and 223608.
168
What is the highest common divisor of 8777 and 5240?
131
Calculate the highest common factor of 7319 and 36032.
563
What is the greatest common divisor of 1740 and 765?
15
Calculate the highest common divisor of 29 and 223184.
29
What is the greatest common factor of 80 and 88570?
10
Calculate the highest common factor of 6 and 2358582.
6
What is the greatest common divisor of 80 and 342352?
16
Calculate the highest common divisor of 28 and 13412.
28
What is the greatest common divisor of 15092 and 77?
77
Calculate the highest common divisor of 1284797 and 86.
43
Calculate the highest common divisor of 38 and 34637.
19
Calculate the highest common divisor of 370254 and 644.
46
What is the highest common factor of 832 and 754?
26
Calculate the highest common factor of 1 and 9192.
1
What is the highest common factor of 721278 and 57?
57
What is the highest common factor of 829062 and 675?
27
Calculate the highest common divisor of 262073 and 203.
203
What is the greatest common factor of 9352802 and 202?
202
What is the greatest common divisor of 1704 and 2952?
24
What is the highest common factor of 110 and 4313870?
110
Calculate the greatest common factor of 1874673 and 513.
171
Calculate the greatest common factor of 272700 and 675.
675
Calculate the greatest common divisor of 385 and 91564.
11
What is the greatest common divisor of 3806 and 132?
22
Calculate the highest common divisor of 4774 and 462.
154
Calculate the greatest common factor of 18 and 27322686.
18
What is the greatest common divisor of 2254 and 23552?
46
What is the greatest common factor of 14241 and 2256?
141
Calculate the highest common divisor of 97712 and 93.
31
What is the highest common divisor of 456 and 22173?
57
Calculate the highest common divisor of 124340 and 20.
20
What is the greatest common divisor of 1715 and 1855?
35
What is the highest common factor of 2302 and 498?
2
Calculate t